s of 606.
2, 3, 101
What are the prime factors of 2325?
3, 5, 31
What are the prime factors of 8241?
3, 41, 67
List the prime factors of 10762.
2, 5381
List the prime factors of 41117.
41117
What are the prime factors of 19507?
19507
What are the prime factors of 889?
7, 127
What are the prime factors of 6268?
2, 1567
What are the prime factors of 1715?
5, 7
What are the prime factors of 1925?
5, 7, 11
List the prime factors of 1369.
37
What are the prime factors of 6913?
31, 223
List the prime factors of 19500.
2, 3, 5, 13
What are the prime factors of 2632?
2, 7, 47
List the prime factors of 153.
3, 17
List the prime factors of 932.
2, 233
List the prime factors of 1535.
5, 307
List the prime factors of 1761.
3, 587
What are the prime factors of 1596?
2, 3, 7, 19
List the prime factors of 120446.
2, 60223
What are the prime factors of 11439?
3, 31, 41
What are the prime factors of 10572?
2, 3, 881
List the prime factors of 10065.
3, 5, 11, 61
List the prime factors of 53310.
2, 3, 5, 1777
List the prime factors of 1295.
5, 7, 37
List the prime factors of 24787.
7, 3541
What are the prime factors of 2303?
7, 47
What are the prime factors of 4668?
2, 3, 389
What are the prime factors of 2666?
2, 31, 43
What are the prime factors of 157682?
2, 7, 1609
What are the prime factors of 956?
2, 239
What are the prime factors of 15564?
2, 3, 1297
List the prime factors of 2581.
29, 89
What are the prime factors of 936?
2, 3, 13
What are the prime factors of 1528?
2, 191
What are the prime factors of 5876?
2, 13, 113
List the prime factors of 16124.
2, 29, 139
List the prime factors of 23415.
3, 5, 7, 223
What are the prime factors of 3526?
2, 41, 43
What are the prime factors of 743?
743
List the prime factors of 11622.
2, 3, 13, 149
List the prime factors of 7685.
5, 29, 53
List the prime factors of 135228.
2, 3, 59, 191
List the prime factors of 205.
5, 41
What are the prime factors of 5287?
17, 311
What are the prime factors of 116303?
11, 97, 109
What are the prime factors of 702?
2, 3, 13
List the prime factors of 22389.
3, 17, 439
List the prime factors of 813.
3, 271
What are the prime factors of 40236?
2, 3, 7, 479
What are the prime factors of 69703?
43, 1621
List the prime factors of 1197.
3, 7, 19
What are the prime factors of 10911?
3, 3637
What are the prime factors of 8942?
2, 17, 263
What are the prime factors of 641?
641
List the prime factors of 69889.
47, 1487
List the prime factors of 613.
613
List the prime factors of 22868.
2, 5717
What are the prime factors of 437?
19, 23
List the prime factors of 4697.
7, 11, 61
List the prime factors of 188.
2, 47
What are the prime factors of 541?
541
List the prime factors of 332.
2, 83
What are the prime factors of 719?
719
List the prime factors of 373.
373
What are the prime factors of 21581?
7, 3083
What are the prime factors of 12674?
2, 6337
What are the prime factors of 294?
2, 3, 7
List the prime factors of 2545.
5, 509
What are the prime factors of 671?
11, 61
List the prime factors of 9523.
89, 107
List the prime factors of 2118.
2, 3, 353
What are the prime factors of 7935?
3, 5, 23
List the prime factors of 7263.
3, 269
List the prime factors of 1176.
2, 3, 7
List the prime factors of 647.
647
What are the prime factors of 12761?
7, 1823
What are the prime factors of 6585?
3, 5, 439
List the prime factors of 3482.
2, 1741
What are the prime factors of 55144?
2, 61, 113
What are the prime factors of 32705?
5, 31, 211
List the prime factors of 745.
5, 149
What are the prime factors of 56031?
3, 19, 983
List the prime factors of 55675.
5, 17, 131
List the prime factors of 2842.
2, 7, 29
List the prime factors of 92922.
2, 3, 17, 911
List the prime factors of 9092.
2, 2273
List the prime factors of 1344.
2, 3, 7
List the prime factors of 9190.
2, 5, 919
What are the prime factors of 2300?
2, 5, 23
List the prime factors of 370.
2, 5, 37
What are the prime factors of 18947?
18947
List the prime factors of 1751.
17, 103
What are the prime factors of 84?
2, 3, 7
What are the prime factors of 141574?
2, 71, 997
What are the prime factors of 3287?
19, 173
What are the prime factors of 449?
449
List the prime factors of 103061.
7, 14723
List the prime factors of 78480.
2, 3, 5, 109
What are the prime factors of 1424?
2, 89
List the prime factors of 95885.
5, 127, 151
What are the prime factors of 6121?
6121
What are the prime factors of 3910?
2, 5, 17, 23
What are the prime factors of 191?
191
What are the prime factors of 34619?
13, 2663
What are the prime factors of 4567?
4567
What are the prime factors of 1532?
2, 383
List the prime factors of 660.
2, 3, 5, 11
List the prime factors of 291.
3, 97
List the prime factors of 35146.
2, 17573
What are the prime factors of 16423?
11, 1493
What are the prime factors of 1402?
2, 701
List the prime factors of 2216.
2, 277
What are the prime factors of 135276?
2, 3, 11273
List the prime factors of 107006.
2, 53503
List the prime factors of 1100.
2, 5, 11
List the prime factors of 19830.
2, 3, 5, 661
List the prime factors of 27751.
27751
What are the prime factors of 1137?
3, 379
List the prime factors of 400.
2, 5
List the prime factors of 45774.
2, 3, 2543
List the prime factors of 6600.
2, 3, 5, 11
What are the prime factors of 8209?
8209
What are the prime factors of 44728?
2, 5591
What are the prime factors of 2288?
2, 11, 13
List the prime factors of 309.
3, 103
List the prime factors of 113766.
2, 3, 67, 283
What are the prime factors of 1919?
19, 101
List the prime factors of 119411.
43, 2777
What are the prime factors of 1113?
3, 7, 53
What are the prime factors of 2338?
2, 7, 167
List the prime factors of 27133.
43, 631
List the prime factors of 532.
2, 7, 19
List the prime factors of 187235.
5, 37447
List the prime factors of 41589.
3, 4621
List the prime factors of 13337.
13337
List the prime factors of 15618.
2, 3, 19, 137
What are the prime factors of 7532?
2, 7, 269
List the prime factors of 6597.
3, 733
What are the prime factors of 1840?
2, 5, 23
What are the prime factors of 888?
2, 3, 37
List the prime factors of 96165.
3, 5, 2137
List the prime factors of 48350.
2, 5, 967
What are the prime factors of 1192?
2, 149
List the prime factors of 17979.
3, 13, 461
List the prime factors of 349.
349
What are the prime factors of 371?
7, 53
What are the prime factors of 16682?
2, 19, 439
What are the prime factors of 1382?
2, 691
What are the prime factors of 56999?
56999
What are the prime factors of 8172?
2, 3, 227
List the prime factors of 2475.
3, 5, 11
List the prime factors of 26842.
2, 13421
What are the prime factors of 3419?
13, 263
List the prime factors of 13319.
19, 701
List the prime factors of 16086.
2, 3, 7, 383
What are the prime factors of 3177?
3, 353
List the prime factors of 13235.
5, 2647
What are the prime factors of 635?
5, 127
List the prime factors of 25374.
2, 3, 4229
List the prime factors of 6716.
2, 23, 73
List the prime factors of 83563.
83563
List the prime factors of 13995.
3, 5, 311
What are the prime factors of 5849?
5849
What are the prime factors of 666?
2, 3, 37
What are the prime factors of 3696?
2, 3, 7, 11
What are the prime factors of 5897?
5897
What are the prime factors of 1516?
2, 379
What are the prime factors of 21938?
2, 7, 1567
What are the prime factors of 18961?
67, 283
List the prime factors of 35100.
2, 3, 5, 13
What are the prime factors of 346?
2, 173
What are the prime factors of 69158?
2, 151, 229
List the prime factors of 1861.
1861
List the prime factors of 76374.
2, 3, 4243
List the prime factors of 36590.
2, 5, 3659
List the prime factors of 29530.
2, 5, 2953
What are the prime factors of 1843?
19, 97
What are the prime factors of 57?
3, 19
List the prime factors of 13883.
13883
What are the prime factors of 825?
3, 5, 11
List the prime factors of 908.
2, 227
What are the prime factors of 106139?
11, 9649
List the prime factors of 910.
2, 5, 7, 13
List the prime factors of 12652.
2, 3163
List the prime factors of 75947.
173, 439
What are the prime factors of 1339?
13, 103
What are the prime factors of 25996?
2, 67, 97
What are the prime factors of 11671?
11, 1061
List the prime factors of 12507.
3, 11, 379
List the prime factors of 439.
439
List the prime factors of 50716.